120287?
37
What is the greatest common divisor of 588192 and 480?
96
Calculate the highest common divisor of 5757 and 122892.
57
Calculate the highest common factor of 167015808 and 1808.
1808
What is the highest common factor of 263024 and 238544?
272
What is the highest common divisor of 4355694 and 1610?
322
Calculate the greatest common divisor of 16711218 and 31482.
2862
Calculate the highest common divisor of 19682871 and 966.
69
What is the greatest common divisor of 5572386 and 6372?
18
What is the greatest common divisor of 24 and 18445976?
8
Calculate the highest common divisor of 4227 and 20841.
3
What is the greatest common divisor of 99465 and 36283785?
5235
Calculate the highest common divisor of 994 and 2307356296.
994
Calculate the highest common divisor of 434483844 and 12.
12
Calculate the greatest common factor of 128660 and 9464.
28
Calculate the greatest common factor of 187 and 32690626.
17
What is the greatest common factor of 94421970 and 5535?
135
What is the greatest common factor of 1881 and 8769735?
171
What is the greatest common factor of 683715512 and 8?
8
Calculate the greatest common divisor of 10057384 and 12504.
4168
Calculate the highest common factor of 21300 and 65460.
60
What is the greatest common divisor of 29479 and 30832?
41
What is the greatest common divisor of 1020 and 2199460?
340
What is the highest common divisor of 1129428 and 4462752?
2748
Calculate the greatest common divisor of 51649 and 77389.
13
Calculate the greatest common divisor of 1247872 and 103872.
64
Calculate the greatest common factor of 680085 and 1008.
63
Calculate the highest common divisor of 20916 and 62652.
12
What is the greatest common factor of 18927520 and 240?
80
What is the greatest common divisor of 2080530 and 47745?
45
What is the greatest common divisor of 19460 and 2021600?
140
Calculate the highest common factor of 174568 and 85.
1
Calculate the greatest common factor of 17181 and 56649.
69
Calculate the highest common factor of 29645 and 101339315.
4235
What is the highest common divisor of 3292800 and 13650?
1050
Calculate the highest common divisor of 738 and 1218486.
6
What is the greatest common factor of 372 and 25671627?
93
Calculate the greatest common divisor of 70539960 and 480.
120
What is the greatest common factor of 23076 and 1094328?
36
What is the greatest common factor of 19180 and 21742?
14
Calculate the highest common factor of 66455609 and 22.
11
What is the greatest common factor of 254301 and 137344?
1073
What is the highest common factor of 154817433 and 4113?
4113
What is the greatest common divisor of 484078 and 56?
14
Calculate the highest common factor of 172718 and 276962.
1022
Calculate the greatest common divisor of 146 and 5578.
2
Calculate the greatest common divisor of 12658608 and 36.
36
Calculate the highest common factor of 10286190 and 5.
5
What is the highest common factor of 65424 and 2332892?
188
What is the greatest common divisor of 864522990 and 15?
15
What is the highest common factor of 270 and 847806?
6
Calculate the greatest common factor of 48216579 and 3174.
69
What is the greatest common factor of 34124428 and 52?
52
What is the greatest common factor of 443195273 and 19?
19
Calculate the greatest common factor of 2832 and 1864872.
1416
What is the highest common divisor of 34112 and 22170668?
2132
Calculate the greatest common factor of 1437 and 259899173.
479
What is the greatest common divisor of 148114 and 9682?
206
Calculate the greatest common divisor of 42 and 263227818.
42
Calculate the greatest common factor of 10401413 and 11.
11
What is the greatest common divisor of 3934719 and 18?
9
What is the greatest common factor of 57968127 and 441?
441
Calculate the greatest common divisor of 2450 and 59163825.
1225
Calculate the greatest common divisor of 2975296576 and 56.
56
What is the highest common divisor of 96 and 102468736?
32
What is the highest common factor of 7139343 and 6?
3
Calculate the greatest common factor of 22654876 and 310421.
5857
What is the greatest common divisor of 1660608 and 573264?
432
Calculate the greatest common factor of 1928500 and 1178380.
2660
Calculate the greatest common factor of 2695753 and 319.
29
Calculate the highest common divisor of 650700 and 338605.
1205
What is the greatest common factor of 48314460 and 90?
30
Calculate the highest common divisor of 6492052 and 4676.
28
What is the highest common divisor of 168 and 1563976?
8
What is the greatest common factor of 5997880239 and 219?
219
Calculate the greatest common divisor of 495810544 and 80.
16
Calculate the highest common divisor of 1045679354 and 1086.
362
What is the greatest common factor of 170 and 1173782?
34
Calculate the highest common divisor of 20464 and 2321385.
1279
What is the greatest common factor of 3282 and 17302704?
3282
Calculate the greatest common factor of 54219 and 2814141.
1749
Calculate the greatest common factor of 1270 and 3606546.
254
What is the greatest common factor of 8473198 and 3890?
778
Calculate the greatest common divisor of 58 and 47514499.
29
Calculate the greatest common divisor of 71984 and 252208.
176
Calculate the greatest common divisor of 70 and 134325065.
35
Calculate the highest common divisor of 1265880665 and 10479.
3493
What is the greatest common factor of 10697496 and 699?
699
Calculate the greatest common factor of 869 and 69366.
11
Calculate the highest common divisor of 385 and 3601895.
55
What is the highest common divisor of 54984 and 306008?
232
Calculate the highest common factor of 56 and 949678856.
56
Calculate the highest common factor of 167 and 35248189.
167
What is the greatest common factor of 197408796 and 2587?
2587
Calculate the highest common factor of 227766 and 327624.
1122
Calculate the greatest common divisor of 4101084 and 11960.
1196
What is the highest common factor of 30130 and 3517088?
262
What is the highest common factor of 3992941 and 60409?
313
What is the greatest common factor of 7640 and 518815592?
1528
What is the highest common factor of 509530602 and 18?
6
What is the highest common divisor of 51019 and 2191?
313
Calculate the highest common factor of 6510 and 126136920.
210
Calculate the greatest common divisor of 62335668 and 248.
124
Calculate the greatest common divisor of 12305095 and 5115.
55
What is the highest common factor of 706 and 22639?
1
What is the greatest common factor of 4605 and 1284412785?
4605
Calculate the greatest common factor of 20165973 and 1482.
57
Calculate the highest common divisor of 16884 and 611844.
804
Calculate the highest common divisor of 2793323 and 2893.
263
Calculate the highest common divisor of 375752940 and 60.
60
Calculate the highest common factor of 9464 and 2708888.
728
What is the highest common factor of 1336 and 14022322?
334
What is the highest common factor of 528562 and 1504?
94
What is the greatest common factor of 572 and 5910564?
44
Calculate the highest common divisor of 14241 and 134655.
141
Calculate the highest common divisor of 1389660040 and 2360.
2360
What is the highest common factor of 35235997 and 1583?
1583
Calculate the highest common factor of 2228 and 137316653.
557
Calculate the greatest common factor of 5498978 and 129750.
346
Calculate the greatest common divisor of 51747915 and 255.
255
Calculate the highest common divisor of 28092380 and 205.
205
Calculate the greatest common divisor of 84 and 2076592.
28
Calculate the highest common divisor of 96460657 and 1784.
223
Calculate the highest common divisor of 26676735 and 25316.
6329
What is the greatest common factor of 4202 and 3261134?
382
What is the highest common factor of 508126 and 8300?
166
Calculate the greatest common divisor of 4381408 and 207.
23
Calculate the greatest common factor of 271490047 and 1733.
1733
What is the greatest common factor of 4 and 2945086?
2
What is the highest common divisor of 603 and 1303619?
67
What is the greatest common factor of 8253 and 1205883?
63
What is the greatest common factor of 16120984 and 3256?
88
What is the highest common factor of 691115 and 51245?
1385
Calculate the greatest common divisor of 11298329 and 3444.
287
Calculate the greatest common factor of 12007131 and 323031.
6873
What is th